d 583427490?
114
Calculate the greatest common factor of 106256 and 687.
229
Calculate the greatest common divisor of 1971 and 19116.
27
Calculate the greatest common factor of 46435935 and 910.
455
Calculate the greatest common divisor of 15594848 and 22092.
1052
Calculate the highest common factor of 4390851 and 267.
3
Calculate the highest common divisor of 26312 and 45487376.
2024
What is the highest common factor of 12881243 and 141?
47
Calculate the greatest common divisor of 10111573 and 3.
1
What is the highest common factor of 206 and 44219651?
103
What is the greatest common factor of 264771481 and 51?
17
What is the highest common factor of 38080 and 357476?
476
Calculate the highest common divisor of 21783112 and 832.
104
Calculate the highest common divisor of 574199 and 15599.
19
What is the highest common factor of 14769695 and 536765?
17315
What is the greatest common factor of 69621 and 24016218?
3027
What is the greatest common divisor of 402972 and 1572?
12
What is the highest common factor of 24721872 and 138?
138
Calculate the highest common factor of 51114053 and 4726.
2363
What is the highest common divisor of 49273005 and 120?
15
What is the highest common divisor of 284 and 12532?
4
Calculate the highest common divisor of 4921804 and 5084.
164
What is the greatest common factor of 83266 and 3893?
17
Calculate the greatest common factor of 18778763 and 634.
317
Calculate the greatest common factor of 161475 and 1830.
15
Calculate the greatest common divisor of 26010 and 44670.
30
What is the greatest common factor of 320 and 29150?
10
What is the greatest common divisor of 3844 and 9495889?
31
What is the highest common factor of 1242022 and 730?
146
Calculate the highest common factor of 1884 and 18304316.
628
What is the greatest common divisor of 5782900 and 75?
25
Calculate the greatest common divisor of 96853 and 3979.
23
What is the highest common divisor of 93295 and 519115?
235
Calculate the highest common divisor of 51 and 32090662.
17
What is the highest common divisor of 471707 and 3473?
23
What is the greatest common factor of 4737 and 407626745?
1579
Calculate the greatest common factor of 65 and 15821715.
65
What is the highest common divisor of 60 and 163983500?
20
What is the highest common divisor of 8590170 and 1410?
30
Calculate the highest common factor of 39481740 and 1720.
860
Calculate the highest common divisor of 3334824 and 7992.
216
What is the greatest common divisor of 3302 and 44668?
26
Calculate the greatest common divisor of 92 and 51244276.
92
What is the highest common factor of 80266804 and 1060?
212
What is the highest common divisor of 2095248 and 96?
48
What is the highest common divisor of 10115 and 31119809?
2023
Calculate the greatest common factor of 1806801369 and 417.
417
What is the greatest common factor of 3693 and 35556204?
3693
Calculate the highest common divisor of 1813801 and 479831.
1991
What is the highest common divisor of 7346 and 2078?
2
Calculate the greatest common factor of 388 and 2228804.
4
Calculate the greatest common divisor of 146689998 and 63.
21
Calculate the greatest common factor of 40571914 and 1.
1
What is the highest common divisor of 10 and 490146990?
10
Calculate the greatest common divisor of 192491370 and 18.
18
What is the greatest common factor of 10268874 and 1848?
462
Calculate the highest common divisor of 1249 and 988468592.
1249
Calculate the highest common divisor of 41 and 90189873.
41
Calculate the highest common divisor of 59724 and 4032.
252
What is the greatest common divisor of 57225 and 8655?
15
Calculate the greatest common factor of 8183 and 1150463.
167
Calculate the highest common factor of 1559 and 66146811.
1559
Calculate the greatest common divisor of 299 and 16227374.
23
What is the greatest common divisor of 615836 and 50700?
676
Calculate the greatest common divisor of 3552 and 84169376.
1184
Calculate the greatest common factor of 7800061 and 52227.
829
Calculate the greatest common factor of 1836 and 641871.
27
What is the greatest common divisor of 527 and 7353673?
17
What is the greatest common divisor of 2301 and 148100030?
767
What is the highest common factor of 4365805 and 2175?
145
Calculate the highest common divisor of 6116025 and 75.
75
Calculate the greatest common divisor of 32 and 85883888.
16
Calculate the highest common divisor of 129 and 6997908.
3
What is the greatest common factor of 331910517 and 698?
349
What is the highest common factor of 45 and 234561660?
15
What is the greatest common divisor of 7872 and 2804892?
492
What is the highest common divisor of 4207368 and 10032?
264
What is the highest common divisor of 132 and 346663482?
66
What is the highest common divisor of 3461298 and 12?
6
Calculate the greatest common factor of 299 and 47640866.
299
Calculate the greatest common factor of 1829 and 937097.
59
What is the highest common factor of 177410 and 828290?
1130
What is the greatest common factor of 256674888 and 144?
72
What is the greatest common divisor of 25125 and 2379639?
201
Calculate the greatest common divisor of 297 and 48461809.
11
Calculate the highest common factor of 10744 and 356456.
136
Calculate the greatest common factor of 440317 and 8449.
17
What is the greatest common factor of 2824668 and 869?
11
Calculate the greatest common factor of 22212645 and 5265.
195
Calculate the highest common factor of 368239203 and 27.
27
What is the highest common factor of 24582285 and 69?
69
Calculate the highest common divisor of 15255 and 11826.
27
What is the highest common factor of 162 and 110820?
6
Calculate the greatest common divisor of 4251475 and 1975.
25
What is the greatest common divisor of 60281 and 4563?
13
Calculate the greatest common factor of 359246610 and 3460.
1730
What is the greatest common factor of 261 and 7533069?
87
What is the highest common factor of 6068741 and 259?
7
Calculate the greatest common divisor of 6614370 and 42.
42
Calculate the highest common factor of 87398 and 7921.
89
Calculate the greatest common divisor of 1960 and 69340.
20
Calculate the highest common divisor of 485274 and 2418.
186
Calculate the highest common factor of 63480 and 59625.
15
Calculate the highest common divisor of 4362 and 101283459.
2181
Calculate the highest common factor of 14135936 and 256.
128
Calculate the greatest common divisor of 977005 and 65.
5
What is the highest common divisor of 1897 and 5167428?
1897
What is the greatest common divisor of 1132279119 and 9?
9
What is the highest common factor of 202 and 7457?
1
Calculate the greatest common divisor of 53336 and 878097.
59
What is the greatest common factor of 4 and 172528?
4
Calculate the greatest common divisor of 5734750 and 32480.
2030
Calculate the greatest common factor of 1696 and 45121232.
848
Calculate the highest common divisor of 9672440 and 210.
10
What is the greatest common factor of 9141 and 47465058?
831
What is the greatest common factor of 44987461 and 2122?
1061
Calculate the highest common divisor of 521185 and 2555.
35
What is the highest common factor of 290 and 8673436?
58
What is the greatest common divisor of 472 and 2472365028?
236
What is the highest common factor of 2075 and 1216972560?
415
What is the highest common divisor of 760020 and 1055760?
3180
What is the highest common divisor of 544 and 366718016?
544
What is the greatest common factor of 22050948 and 492?
492
Calculate the highest common divisor of 26211728 and 485.
97
What is the greatest common divisor of 19162 and 1942941?
143
Calculate the highest common divisor of 428020058 and 137.
137
Calculate the highest common divisor of 61965777 and 3.
3
Calculate the greatest common factor of 34858136 and 4.
4
Calculate the highest common divisor of 5274044 and 313300.
964
What is the highest common factor of 506773364 and 564?
188
What is the highest common factor of 14 and 131867638?
14
What is the highest common factor of 5989 and 15614383?
53
What is the greatest common divisor of 249 and 1191382?
83
Calculate the highest common factor of 12330 and 545850.
90
What is the highest common factor of 711490260 and 780?
780
What is the highest common factor of 77211 and 33039?
9
What is the highest common factor of 735